**3 - 2*i**2 - 2*i - 1. Calculate t(-1).
-6
Let o(w) = 11*w - 151. Calculate o(14).
3
Let x(n) = -n**3 + n**2 + 43*n + 6. Give x(7).
13
Let n(a) = -a**3 - 12*a**2 - 13*a - 11. Give n(-11).
11
Let m(t) = t - 6. Give m(9).
3
Let t(w) = -3*w - 1. Calculate t(-2).
5
Let y(m) = -m**3 + 11*m**2 + 10*m + 19. Determine y(12).
-5
Let u(y) = -8*y**2 - 3*y + 4. Calculate u(-3).
-59
Let k(d) = -13*d + 197. Calculate k(15).
2
Let s(x) = -17*x + 3. What is s(-2)?
37
Let l(d) = d**3 + 3*d**2 + 5*d - 5. Determine l(-4).
-41
Let u(d) = -d**3 - 6*d**2 + 2*d + 22. Calculate u(-5).
-13
Let f(w) = w**3 - 16*w**2 + 15*w + 10. Give f(15).
10
Let n(p) = -p**2 - 12*p - 24. Give n(-10).
-4
Let h(f) = -f - 2. Give h(-3).
1
Let j(q) = -q**2 - 6*q + 8. What is j(-6)?
8
Let f(p) = -p**3 - 6*p**2 + 8*p + 6. What is f(-6)?
-42
Let c(s) = 36*s**2. Determine c(1).
36
Let p(d) = -13*d - 339. Determine p(-27).
12
Let p(b) = -2*b + 1. What is p(-6)?
13
Let s(q) = 19*q - 33. What is s(2)?
5
Let u(b) = -18*b + 14. Give u(6).
-94
Let g(i) = 4*i**3. Determine g(1).
4
Let y(t) = -t - 14. Calculate y(7).
-21
Let r(t) = 4*t**2 - 6*t + 5. Determine r(1).
3
Let m(i) = 2*i - 10. Give m(5).
0
Let d(o) = o**3 + 9*o**2 - 10*o + 11. Calculate d(-10).
11
Let d(w) = w**3 - 9*w**2 + 12*w - 11. Calculate d(7).
-25
Let u(p) = p**3 + 13*p**2 + 23*p - 10. Calculate u(-11).
-21
Let f(u) = u**3 + 2*u + 1. Calculate f(-1).
-2
Let x(t) = t**2 - 12*t + 34. Calculate x(7).
-1
Let b(c) = 13*c - 1. Determine b(2).
25
Let a(m) = -m**3 + 10*m**2 + m + 11. Give a(10).
21
Let b(m) = 2*m**2 + 3*m. Give b(-2).
2
Let y(v) = -6*v + 25. Calculate y(8).
-23
Let h(s) = -s**3 + 20*s**2 + 18. Determine h(20).
18
Let x(t) = t**2 - 12*t - 18. What is x(14)?
10
Let c(t) = -30*t + 3. Give c(3).
-87
Let c(y) = y**3 - 4*y**2 - 17*y + 6. What is c(6)?
-24
Let q(f) = -3*f - 76. Determine q(-29).
11
Let q(t) = 35*t**2 - 245*t - 3. Calculate q(7).
-3
Let m(k) = -8*k + 53. What is m(7)?
-3
Let f(b) = -b**3 - 12*b**2 - 9*b - 6. What is f(-11)?
-28
Let a(t) = -t**3 - 5*t**2 + 4. Determine a(-5).
4
Let a(y) = 3*y**2 - 5*y - 3. Calculate a(-2).
19
Let m(n) = 2*n**2 - 8*n - 4. Determine m(5).
6
Let n(w) = 9*w**3 + 2*w**2 - w - 2. Give n(1).
8
Let r(u) = -6*u**2 - 37*u - 13. Determine r(-6).
-7
Let y(w) = -20*w**2 + w - 1. Determine y(1).
-20
Let g(c) = -19*c - 462. Determine g(-25).
13
Let g(o) = o**3 - 19*o**2 - 44*o + 40. Determine g(21).
-2
Let d(r) = r + 9. Calculate d(0).
9
Let s(i) = -i**2 + 11*i + 11. Give s(12).
-1
Let f(u) = 2*u**3 + 14*u**2 - 8*u + 11. Calculate f(-8).
-53
Let f(v) = -v + 10. Determine f(-5).
15
Let i(t) = 13*t**3 - t**2 - 3*t - 3. What is i(-1)?
-14
Let z(c) = c**3 - 11*c**2 - 4*c + 43. What is z(10)?
-97
Let h(v) = -2*v**2 - v. What is h(3)?
-21
Let l(x) = x**3 - 4*x**2 - 3*x + 6. What is l(5)?
16
Let h(p) = p**2 - 20*p + 7. Calculate h(20).
7
Let c(s) = s**3 - 16*s**2 - 18*s + 36. What is c(17)?
19
Let t(w) = -10*w**2 + 2*w - 1. Give t(2).
-37
Let f(k) = 64*k**3 - k**2. Determine f(-1).
-65
Let f(y) = y**2 + 44*y + 503. What is f(-21)?
20
Let j(k) = 11*k - 10. Calculate j(4).
34
Let c(l) = l**3 + 8*l**2 + 9*l + 7. Calculate c(-7).
-7
Let q(u) = -3*u + 4. Give q(12).
-32
Let k(y) = y**2 - 13*y + 5. What is k(12)?
-7
Let j(g) = g**3 - 13*g**2 + 12*g + 23. Determine j(12).
23
Let f(k) = k**2 - 8*k + 7. Give f(4).
-9
Let x(h) = -5*h + 26. Determine x(11).
-29
Let a(f) = -2*f. Calculate a(7).
-14
Let d(y) = -y + 11. Calculate d(6).
5
Let j(k) = 3*k + 13. Determine j(-9).
-14
Let n(g) = 7*g - 5. What is n(7)?
44
Let x(v) = v**3 + v**2 - v - 3. Give x(0).
-3
Let d(o) = -o**3 - 11*o**2 - 7*o - 1. Calculate d(-5).
-116
Let n(g) = -g**2 + 3*g - 4. Give n(0).
-4
Let m(k) = 18*k - 192. Determine m(11).
6
Let l(m) = 351*m + 705. What is l(-2)?
3
Let d(f) = -f**3 + 7*f**2 - 7*f - 9. What is d(6)?
-15
Let u(d) = -4*d**2 + 6*d - 8. Give u(5).
-78
Let g(v) = -v**2 - 26*v - 93. Calculate g(-22).
-5
Let v(h) = 4*h - 47. What is v(12)?
1
Let g(t) = t**3 - 15*t**2 + 25*t + 33. Calculate g(13).
20
Let d(t) = 3*t + 54. What is d(-17)?
3
Let l(y) = y**3 - 13*y**2 + 12*y + 1. What is l(12)?
1
Let f(w) = w**2 + 34*w + 221. Give f(-9).
-4
Let k(v) = -v**3 + 6*v**2 - 3*v + 10. Calculate k(5).
20
Let k(z) = z**2 - 3*z + 1. Determine k(5).
11
Let t(h) = -6*h - 56. Determine t(-9).
-2
Let a(y) = -3*y + 16. Determine a(-13).
55
Let p(m) = 8*m + 35. Give p(-6).
-13
Let v(a) = -a**3 + a**2 - a - 6. Calculate v(0).
-6
Let v(m) = 2*m - 11. Calculate v(8).
5
Let m(i) = 12*i + 11. Give m(-6).
-61
Let w(n) = -n**2 - 7*n + 6. What is w(-7)?
6
Let x(k) = -k - 14. Give x(-5).
-9
Let g(f) = -f**3 + 10*f**2 - 5*f - 7. Determine g(10).
-57
Let s(n) = 5*n - 21. Calculate s(6).
9
Let i(t) = t**3 + 35*t**2 - 36*t - 2. Give i(-36).
-2
Let w(a) = a**2 + 2*a - 11. What is w(6)?
37
Let s(l) = -l**2 - 3*l + 4. Determine s(-6).
-14
Let n(l) = 17*l + 148. Determine n(-11).
-39
Let z(u) = -u**2 - 8*u - 3. Determine z(-8).
-3
Let p(v) = 4*v - 26. Give p(-6).
-50
Let t(i) = 7*i - 25. Give t(10).
45
Let s(k) = -k**3 - 69. Determine s(0).
-69
Let y(w) = 3*w**3 + 7*w**2 - 4*w + 9. What is y(-4)?
-55
Let s(r) = 2*r**3 + r**2 + r + 5. Calculate s(0).
5
Let q(v) = -v + 4. What is q(-3)?
7
Let i(p) = -p**2 + 22*p - 112. Calculate i(14).
0
Let p(q) = -q**2 + 20*q - 42. What is p(18)?
-6
Let b(c) = 4*c - 4. Determine b(-4).
-20
Let d(o) = -4*o + 52. Determine d(13).
0
Let x(w) = w**3 + 2*w**2 - 24*w - 2. Give x(-6).
-2
Let d(s) = s**3 - 9*s**2 + 8*s - 8. Determine d(8).
-8
Let o(y) = y**2 - 8. Give o(2).
-4
Let a(m) = -m**2 - 13*m - 4. What is a(-13)?
-4
Let m(k) = -k**3 + 7*k**2 - 10*k + 6. Calculate m(6).
-18
Let f(t) = 2*t - 10. Determine f(-4).
-18
Let z(s) = -46*s**2 + s - 2. What is z(1)?
-47
Let i(g) = -2*g**2 - 2*g - 7. Give i(-2).
-11
Let b(l) = l**3 + 5*l**2 + l + 4. What is b(-5)?
-1
Let q(m) = 3*m**2 + 2*m + 1. Calculate q(-1).
2
Let q(v) = -v + 19. Calculate q(-8).
27
Let h(q) = 22*q**3 - q + 1. Determine h(1).
22
Let c(n) = n + 2. What is c(-3)?
-1
Let c(h) = 2*h**2 - 17*h + 10. Give c(8).
2
Let s(l) = 3*l + 51. Give s(-15).
6
Let k(p) = 4*p**2 + 15*p + 3. Calculate k(-4).
7
Let j(f) = -f**3 + 5*f**2 + 3*f + 4. Calculate j(6).
-14
Let s(o) = o**3 - 3*o**2 + o - 3. Calculate s(4).
17
Let y(i) = 4*i - 53. Calculate y(21).
31
Let q(h) = -5*h**2. Determine q(-1).
-5
Let x(r) = -10*r**3 - r**2 - r - 1. Calculate x(-1).
9
Let k(f) = -2*f**3 - 11*f**2 - 3*f + 9. Calculate k(-4).
-27
Let b(c) = c**2 - 6*c - 6. Give b(6).
-6
Let d(j) = -j**2 + 3*j + 18. Calculate d(-3).
0
Let j(z) = -z - 1. What is j(-7)?
6
Let n(t) = -t**2 - 10*t - 4. What is n(-4)?
20
Let c(s) = -39*s**2 + s + 1. What is c(-1)?
-39
Let l(x) = 26*x + 19. Determine l(0).
19
Let y(b) = -b**3 + 5*b**2 - 7*b + 5. What is y(4)?
-7
Let i(z) = -z**2 - 14*z - 19. What is i(-14)?
-19
Let x(i) = -i**3 + 5*i**2 + 7*i - 3. Determine x(5).
32
Let m(p) = -59*p**2 - 1. Give m(1).
-60
Let a(s) = s**2 - 14*s + 18. Determine a(6).
-30
Let j(w) = w**3 - 9*w**2 + 13*w + 10. Give j(7).
3
Let a(l) = 3*l**2 - 24*l + 40. What is a(6)?
4
Let i(b) = 4*b - 9. Give i(5).
11
Let w(s) = 3*s - 76. Calculate w(25).
-1
Let q(m) = 5*m - 97. Calculate q(11).
-42
Let z(j) = j**3 - 7*j**2 + j - 2. Determine z(7).
5
Let y(r) = -r**3 + 7*r**2 - 9*r + 8. Calculate y(6).
-10
Let x(p) = -p**2 - 17*p - 5. Determine x(-16).
11
Let r(t) = 2*t**2 + 4*t - 11. Calculate r(3).
19
Let z(h) = -h**2 - 22*h - 88. Determine z(-18).
-16
Let s(n) = 19*n + 8. Determine s(-4).
-68
Let r(c) = c**3 + 22*c**2 + 13*c - 166. Determine r(-21).
2
Let a(n) = -n**2 - 5*n + 7. Calculate a(-7).
-7
Let c(u) = 2*u - 21. Determine c(5).
-11
Let y(a) = -a**2 + 24*a - 40. Give y(22).
4
Let c(g) = -g**2 + 4*g + 6. Calculate c(-3).
-15
Let h(k) = 3*k - 1. Give h(-4).
-13
Let d(g) = g**2 + 5*g + 7. Give d(-4).
3
Let p(h) = h**3 - 12*h**2 - 13*h + 6. Determine p(13).
6
Let t(y) = y**2 + 17*y + 21. What is t(-16)?
5
Let a(b) = -b**3 - 12*b**2 + 27*b - 71. Calculate a(-14).
-57
Let r(y) = 7*y - 1. Determine r(-3).
-22
Let c(s) = -3*s + 32. Determine c(13).
-7
Let n(o) = -o - 18. Determine n(-11).
-7
Let k(u) = u**3 + 8*u**2 - 7*u + 24. Calculate k(-9).
6
Let h(i) = i**2 + 16*i + 29. What is h(-12)?
-19
Let p(d) = -d**2 - d - 22. Give p(0).
-22
Let b(q) = -q**2 + 62*q - 125.